7 = 4*y, -k*l + 6 = -2*y - 23. Calculate the highest common divisor of 77 and l.
7
Let h(z) = -5*z**3 - 5*z**2 - 2*z + 4. Let i be h(-4). What is the greatest common divisor of 9 and i?
9
Let l = -33561 - -33603. Suppose 0*p + p = 107. Suppose 3*o - u - 141 = -2*o, 4*o + 5*u - p = 0. What is the greatest common divisor of o and l?
14
Let p(o) = o**2 - 18*o + 14. Let d be p(-8). Calculate the greatest common factor of d and 30.
6
Let v = 68 + -37. Let s be (-3)/(-2) + (-24)/16. Suppose 3*p - 2*g - 748 = s, -4*p - 4*g + 358 = -626. Calculate the highest common divisor of v and p.
31
Let u = 87 - 86. Calculate the highest common divisor of u and 11.
1
Suppose 3*d - 378 = -3*c, 4*c = -c - 3*d + 628. Calculate the highest common divisor of 100 and c.
25
Suppose 0 = -4*p - 3*n - 544 + 1669, 0 = -2*p - n + 565. What is the greatest common factor of p and 60?
15
Suppose 0 = -5*w + 2*p - 544 + 2031, 2*w - 591 = -3*p. Calculate the greatest common factor of 33 and w.
33
Let c(d) = -3*d - 3. Let i be c(3). Let m be (2 + -4)/(-3 + (-34)/i). What is the greatest common divisor of m and 18?
6
Let r = 125 + -56. Calculate the greatest common divisor of 46 and r.
23
Let v be (-2 + (-32)/(-3))*6/(-4). Let a(b) = -b**3 - 13*b**2 - 15*b - 27. Let x be a(v). Calculate the greatest common factor of 21 and x.
21
Suppose -390 = -2*g - 0*g. Let l(x) = -x**3 - x + 78. Let j be l(0). What is the greatest common divisor of j and g?
39
Let m(g) = -g**2 + 26*g + 9. Let n be m(26). Calculate the highest common divisor of n and 27.
9
Suppose 2*w = 3*m + 3688, 3*w + 3738 + 1202 = -4*m. Let q be ((-3)/4 + 0)*m. Suppose 0 = 3*h + h - q. What is the greatest common factor of 33 and h?
33
Let y be 6 - (-7)/(21/(-6)). Suppose y*x = 7*x - 111. Calculate the greatest common divisor of x and 74.
37
Let v(o) = -o**3 - 9*o**2 - 8*o + 7. Let k be v(-8). Calculate the highest common factor of k and 119.
7
Let g = -18 + 22. Suppose -3*v - v - 12 = 2*z, g*z - 12 = 4*v. Suppose -o + 6 = -z*o. What is the highest common factor of 30 and o?
6
Let p(s) = -14 + 20*s - 64*s + 36*s. Let f be p(-3). Let u(x) = x**2 - 2*x + 5. Let o be u(-5). Calculate the highest common divisor of f and o.
10
Let d be 340/70 - 5 - (-295)/7. Calculate the highest common divisor of d and 78.
6
Let d(h) = -73*h - 120. Let y be d(-2). Let t be (1 - 0)/(1/(-2)). Let g be 393/3 - (-2)/t. Calculate the highest common factor of g and y.
26
Let v = -59 - -85. Suppose -u - 122 = -3*n, -n + v + 36 = 5*u. What is the highest common divisor of n and 6?
6
Let r(g) = -g**3 - 4*g**2 + 4*g + 10. Let z be r(-5). Suppose z*d = 10*d + 1170. Calculate the greatest common factor of d and 26.
26
Let i = 25 - 25. Suppose p = -i*p + 81. Calculate the greatest common divisor of p and 54.
27
Let b = 56 + -39. Let d be 3 + -21*(-152)/24. What is the greatest common factor of b and d?
17
Let x = -45 + 78. Let o be 400/18 - (33/27 - 1). What is the greatest common factor of o and x?
11
Suppose 3*p = -2*f + 20, 0 = -3*p + 2*p + 3*f + 25. Suppose -z = 1 - 25. Let o = 56 + z. Calculate the highest common factor of p and o.
10
Let k = 221 + 14. Calculate the highest common factor of k and 47.
47
Suppose -3*q = -5*w + 11, 24 = 2*q + 5*w - 2. Suppose -q*v - 4*s + 219 = 0, 68 = v + 2*s + s. What is the greatest common factor of 11 and v?
11
Let v(c) = -2*c**2 - 6*c + 8. Let d be v(-11). Let y be (-2256)/d - (-3)/(-7). Let t = 216 - 112. Calculate the highest common divisor of t and y.
13
Suppose 11*p - 44*p + 429 = 0. Calculate the highest common divisor of p and 325.
13
Let s(i) = 5*i - 2. Let z be s(6). Suppose 0 = 5*q + o - 34, o = -5*q - 2*o + 32. Calculate the highest common factor of z and q.
7
Suppose p = -33 + 100. Suppose -5*i + 87 = -0*z + 3*z, -p = -4*i - 5*z. Calculate the greatest common factor of 9 and i.
9
Let z(p) = 2*p**3 + 4*p**2 + 2*p + 5. Let n be z(-2). Let q = -30 + 51. Suppose -n = -c + q. What is the highest common divisor of c and 33?
11
Let d be (-224)/(-35) + (-4)/10. Calculate the greatest common divisor of 16 and d.
2
Suppose 23*r - 247 - 75 = 0. Calculate the greatest common divisor of 434 and r.
14
Let y = 378 + -326. Calculate the highest common divisor of 3692 and y.
52
Suppose -4*x + 28 = 4*a, -2*a + 6*a - 13 = x. Let n be a + 1/(2/6). Suppose -n*g = -3*g - 88. Calculate the greatest common divisor of g and 55.
11
Let p(y) = -25*y - 6. Let v be p(-4). Let c = v - 54. Suppose -18*o - 10 = -19*o. What is the greatest common factor of o and c?
10
Let s = 22 - 10. Let u be 6/10 + s/5. Suppose 0 = u*r - x - 86, -3*r - 2*x = 2*x - 61. Calculate the highest common factor of r and 9.
9
Let c be 304/6 + (-88)/33. Calculate the greatest common factor of 176 and c.
16
Let v = 1805 - 1779. What is the greatest common factor of 39 and v?
13
Let c = -169 - -489. Suppose 0 = 8*i - 3*i - c. Calculate the greatest common factor of i and 160.
32
Let j = -26 + 44. Calculate the greatest common factor of 2 and j.
2
Suppose -3*s - 24 = -s. Let b be 3 + ((-39)/(-4) - s/(-16)). Calculate the greatest common divisor of b and 6.
6
Let c(t) = -2*t**2 + 27*t + 11. Let d be c(13). Calculate the greatest common factor of d and 30.
6
Suppose -37*k + 25*k = -60. What is the highest common factor of k and 185?
5
Suppose -g = -0*g + 4*a - 72, 5*a = 3*g - 148. Calculate the highest common factor of g and 49.
7
Suppose 2*i - i = 3. Suppose 14*s = 10*s - d + 8, 5*s - 3*d = 10. Calculate the greatest common factor of s and i.
1
Suppose 4*p - 23 = y, p - 4*y - 27 = -2*p. Suppose -3 = -p*l + 2*l. Suppose 7 = 6*x + l. What is the highest common divisor of x and 9?
1
Let f be 9*5/(6 - 11). Let c(i) = -3 + i + 18 - 2 + i**2. Let d be c(f). Calculate the highest common factor of 17 and d.
17
Let l(p) = -p**2 - 8*p - 9. Let h be l(-6). Suppose -3*t = 2*d - 51, h*t = -4 + 13. Suppose 6*o - d = 69. Calculate the greatest common factor of o and 5.
5
Suppose 5*c - 672 - 193 = 0. Let n = 381 - c. What is the greatest common divisor of n and 26?
26
Suppose -8*j = -4*j - 20. Suppose 93 = 4*t + 3*w, -2*t + 15 = -j*w - 12. What is the greatest common divisor of 147 and t?
21
Let y = -17 + 2. Let b be 26*(y/6 + 4). Calculate the highest common factor of 26 and b.
13
Suppose 2*n + 22 = -62. Let h be 0 - 6/9*n. Let w(f) = 7*f**2 - 2*f + 4. Let y be w(2). Calculate the highest common factor of h and y.
28
Let x = -233 + -25. Let o = x - -363. Let n be -2 + (1 + 41 - -2). Calculate the highest common factor of o and n.
21
Let p = 42 - 35. Let b = -4 + 2. Let a be b/(-5) - 9/(-15). Calculate the greatest common factor of a and p.
1
Suppose 4*v + 15 = v. Let j be v/(4 + 42/(-10)). Let p = -12 + 17. What is the greatest common factor of j and p?
5
Suppose 297 = 11*f - 1419. Calculate the greatest common factor of f and 12.
12
Suppose -9*v = -6*v. Let m = 10 - v. Suppose -4*f + 710 = 270. What is the highest common divisor of m and f?
10
Let q = 10 - -4. Suppose -5*p + 4 = 3*c, c + 3*c = 2*p + q. Suppose 43 = c*z - 65. Calculate the highest common divisor of z and 54.
18
Suppose -2 = 5*g - 4*p - 25, 0 = 2*g + 5*p + 4. Suppose -g*a - 42 = -87. Suppose 4*h - 11 = 1. Calculate the greatest common factor of a and h.
3
Let l = -1258 - -1555. Calculate the highest common factor of 44 and l.
11
Let c(h) = 345*h**2 - 1. Let f be c(-1). Calculate the greatest common divisor of 32 and f.
8
Suppose 1352 = 20*m - 12*m. Calculate the greatest common divisor of m and 13.
13
Let v(k) = -k**2 - 31*k. Let a be v(-28). What is the greatest common factor of a and 14?
14
Let b be (3/2)/(9/18). Suppose b*z = z + 8. Suppose -z*l = -60 - 24. What is the highest common factor of l and 7?
7
Let n = 10 + -5. Let v(w) = w**3 - 5*w**2 + w + 5. Let f be v(n). Let c = f + -8. Calculate the highest common factor of 2 and c.
2
Suppose 0 = -36*f - 2*f + 2660. Calculate the highest common factor of f and 14.
14
Let c = -1047 - -4017. What is the highest common divisor of 6 and c?
6
Suppose -t - 4*t = -825. Suppose -x + 3*x - 3 = 5*q, -3*q = -3. Suppose -5*v + 2*y = -69, v + x*y - 26 = 1. Calculate the highest common factor of v and t.
15
Let t be 0 + (1 - -6) - (-42)/14. Suppose 17 = -o + 2*o + 3*q, 4*o + 3*q = 32. Suppose -3*j + o*j = 50. Calculate the highest common divisor of j and t.
5
Suppose 3*w = 3